{"id":1165,"date":"2026-01-07T18:17:30","date_gmt":"2026-01-07T18:17:30","guid":{"rendered":"https:\/\/lachicadelaspinturas.es\/?post_type=product&#038;p=1165"},"modified":"2026-03-12T20:53:24","modified_gmt":"2026-03-12T20:53:24","slug":"print-comadreo","status":"publish","type":"product","link":"https:\/\/lachicadelaspinturas.es\/?product=print-comadreo","title":{"rendered":"Print COMADREO"},"content":{"rendered":"<p><span style=\"font-weight: 400;\">Papel estucado mate de 350 gr (A5,A4,A3) y papel coated mate 180 gr alta resoluci\u00f3n (A2 y A1)<\/span><\/p>\n","protected":false},"excerpt":{"rendered":"<p>\u2728\ufe0fEncender un fuego colectivo es un acto pol\u00edtico\ud83d\udd25<br \/>\n\ud83c\udf1fRe\u00edr, cantar, tocar, las mujeres, las vecinas, las amigas, las ni\u00f1as&#8230;todas alrededor de un fuego, sosteni\u00e9ndonos.<br \/>\n\ud83d\udca5Donde hay cante, hay memoria<br \/>\n\u2764\ufe0f\u200d\ud83d\udd25Donde hay memoria, hay vida.<br \/>\nQue nunca se apague el fuego que nos hace abrazarnos y disfrutar juntas, esos fuegos que no queman si no que nos abrigan\ud83e\udec2<br \/>\nEsto es un homenaje a las risas que sanan y a todas las personas que saben hacer hogar en cualquier lugar\ud83e\udef0<br \/>\nCuidarnos es ya una revoluci\u00f3n \ud83d\udc95<\/p>\n","protected":false},"featured_media":1166,"comment_status":"closed","ping_status":"closed","template":"","meta":[],"product_brand":[],"product_cat":[26],"product_tag":[82,78],"class_list":{"0":"post-1165","1":"product","2":"type-product","3":"status-publish","4":"has-post-thumbnail","6":"product_cat-prints","7":"product_tag-comadreo","8":"product_tag-print","10":"first","11":"instock","12":"taxable","13":"shipping-taxable","14":"purchasable","15":"product-type-variable"},"jetpack_sharing_enabled":true,"_links":{"self":[{"href":"https:\/\/lachicadelaspinturas.es\/index.php?rest_route=\/wp\/v2\/product\/1165","targetHints":{"allow":["GET"]}}],"collection":[{"href":"https:\/\/lachicadelaspinturas.es\/index.php?rest_route=\/wp\/v2\/product"}],"about":[{"href":"https:\/\/lachicadelaspinturas.es\/index.php?rest_route=\/wp\/v2\/types\/product"}],"replies":[{"embeddable":true,"href":"https:\/\/lachicadelaspinturas.es\/index.php?rest_route=%2Fwp%2Fv2%2Fcomments&post=1165"}],"version-history":[{"count":3,"href":"https:\/\/lachicadelaspinturas.es\/index.php?rest_route=\/wp\/v2\/product\/1165\/revisions"}],"predecessor-version":[{"id":3012,"href":"https:\/\/lachicadelaspinturas.es\/index.php?rest_route=\/wp\/v2\/product\/1165\/revisions\/3012"}],"wp:featuredmedia":[{"embeddable":true,"href":"https:\/\/lachicadelaspinturas.es\/index.php?rest_route=\/wp\/v2\/media\/1166"}],"wp:attachment":[{"href":"https:\/\/lachicadelaspinturas.es\/index.php?rest_route=%2Fwp%2Fv2%2Fmedia&parent=1165"}],"wp:term":[{"taxonomy":"product_brand","embeddable":true,"href":"https:\/\/lachicadelaspinturas.es\/index.php?rest_route=%2Fwp%2Fv2%2Fproduct_brand&post=1165"},{"taxonomy":"product_cat","embeddable":true,"href":"https:\/\/lachicadelaspinturas.es\/index.php?rest_route=%2Fwp%2Fv2%2Fproduct_cat&post=1165"},{"taxonomy":"product_tag","embeddable":true,"href":"https:\/\/lachicadelaspinturas.es\/index.php?rest_route=%2Fwp%2Fv2%2Fproduct_tag&post=1165"}],"curies":[{"name":"wp","href":"https:\/\/api.w.org\/{rel}","templated":true}]}}